[INFO] cloning repository https://github.com/storyfeet/michuhu_util
[INFO] running `Command { std: "git" "-c" "credential.helper=" "-c" "credential.helper=/workspace/cargo-home/bin/git-credential-null" "clone" "--bare" "https://github.com/storyfeet/michuhu_util" "/workspace/cache/git-repos/https%3A%2F%2Fgithub.com%2Fstoryfeet%2Fmichuhu_util", kill_on_drop: false }`
[INFO] [stderr] Cloning into bare repository '/workspace/cache/git-repos/https%3A%2F%2Fgithub.com%2Fstoryfeet%2Fmichuhu_util'...
[INFO] running `Command { std: "git" "rev-parse" "HEAD", kill_on_drop: false }`
[INFO] [stdout] 237bfe64aa3cc85d89bfdb8ef40d26558b67a295
[INFO] checking storyfeet/michuhu_util against master#cfbc6d4cf1acbac5c025acf8ed68929caa551df3 for pr-75494-beta
[INFO] running `Command { std: "git" "clone" "/workspace/cache/git-repos/https%3A%2F%2Fgithub.com%2Fstoryfeet%2Fmichuhu_util" "/workspace/builds/worker-11/source", kill_on_drop: false }`
[INFO] [stderr] Cloning into '/workspace/builds/worker-11/source'...
[INFO] [stderr] done.
[INFO] validating manifest of git repo https://github.com/storyfeet/michuhu_util on toolchain cfbc6d4cf1acbac5c025acf8ed68929caa551df3
[INFO] running `Command { std: "/workspace/cargo-home/bin/cargo" "+cfbc6d4cf1acbac5c025acf8ed68929caa551df3" "read-manifest" "--manifest-path" "Cargo.toml", kill_on_drop: false }`
[INFO] started tweaking git repo https://github.com/storyfeet/michuhu_util
[INFO] removed path dependency clap_conf from git repo https://github.com/storyfeet/michuhu_util
[INFO] removed path dependency gobble from git repo https://github.com/storyfeet/michuhu_util
[INFO] finished tweaking git repo https://github.com/storyfeet/michuhu_util
[INFO] tweaked toml for git repo https://github.com/storyfeet/michuhu_util written to /workspace/builds/worker-11/source/Cargo.toml
[INFO] crate git repo https://github.com/storyfeet/michuhu_util already has a lockfile, it will not be regenerated
[INFO] running `Command { std: "/workspace/cargo-home/bin/cargo" "+cfbc6d4cf1acbac5c025acf8ed68929caa551df3" "fetch" "--locked" "--manifest-path" "Cargo.toml", kill_on_drop: false }`
[INFO] [stderr] warning: dependency (clap_conf) specified without providing a local path, Git repository, or version to use. This will be considered an error in future versions
[INFO] [stderr] warning: dependency (gobble) specified without providing a local path, Git repository, or version to use. This will be considered an error in future versions
[INFO] [stderr]     Updating crates.io index
[INFO] [stderr] error: the lock file /workspace/builds/worker-11/source/Cargo.lock needs to be updated but --locked was passed to prevent this
[INFO] [stderr] If you want to try to generate the lock file without accessing the network, use the --offline flag.
[INFO] the lockfile is outdated, regenerating it
[INFO] running `Command { std: "/workspace/cargo-home/bin/cargo" "+cfbc6d4cf1acbac5c025acf8ed68929caa551df3" "generate-lockfile" "--manifest-path" "Cargo.toml" "-Zno-index-update", kill_on_drop: false }`
[INFO] [stderr]     Blocking waiting for file lock on package cache
[INFO] running `Command { std: "/workspace/cargo-home/bin/cargo" "+cfbc6d4cf1acbac5c025acf8ed68929caa551df3" "fetch" "--locked" "--manifest-path" "Cargo.toml", kill_on_drop: false }`
[INFO] [stderr] warning: dependency (clap_conf) specified without providing a local path, Git repository, or version to use. This will be considered an error in future versions
[INFO] [stderr] warning: dependency (gobble) specified without providing a local path, Git repository, or version to use. This will be considered an error in future versions
[INFO] [stderr]     Blocking waiting for file lock on package cache
[INFO] [stderr]     Blocking waiting for file lock on package cache
[INFO] running `Command { std: "docker" "create" "-v" "/var/lib/crater-agent-workspace/builds/worker-11/target:/opt/rustwide/target:rw,Z" "-v" "/var/lib/crater-agent-workspace/builds/worker-11/source:/opt/rustwide/workdir:ro,Z" "-v" "/var/lib/crater-agent-workspace/cargo-home:/opt/rustwide/cargo-home:ro,Z" "-v" "/var/lib/crater-agent-workspace/rustup-home:/opt/rustwide/rustup-home:ro,Z" "-e" "SOURCE_DIR=/opt/rustwide/workdir" "-e" "CARGO_TARGET_DIR=/opt/rustwide/target" "-e" "CARGO_HOME=/opt/rustwide/cargo-home" "-e" "RUSTUP_HOME=/opt/rustwide/rustup-home" "-w" "/opt/rustwide/workdir" "-m" "1610612736" "--user" "0:0" "--network" "none" "rustops/crates-build-env@sha256:a636fd89d022f18117e1dc8fb37a0a009933cdbbe082814857f0e2024962d47c" "/opt/rustwide/cargo-home/bin/cargo" "+cfbc6d4cf1acbac5c025acf8ed68929caa551df3" "metadata" "--no-deps" "--format-version=1", kill_on_drop: false }`
[INFO] [stdout] 7f347679159cddbcad4192e951fe6d75de3388aa87cb9e29393f5dc7248c0b73
[INFO] [stderr] WARNING: Your kernel does not support swap limit capabilities or the cgroup is not mounted. Memory limited without swap.
[INFO] running `Command { std: "docker" "start" "-a" "7f347679159cddbcad4192e951fe6d75de3388aa87cb9e29393f5dc7248c0b73", kill_on_drop: false }`
[INFO] running `Command { std: "docker" "inspect" "7f347679159cddbcad4192e951fe6d75de3388aa87cb9e29393f5dc7248c0b73", kill_on_drop: false }`
[INFO] running `Command { std: "docker" "rm" "-f" "7f347679159cddbcad4192e951fe6d75de3388aa87cb9e29393f5dc7248c0b73", kill_on_drop: false }`
[INFO] [stdout] 7f347679159cddbcad4192e951fe6d75de3388aa87cb9e29393f5dc7248c0b73
[INFO] running `Command { std: "docker" "create" "-v" "/var/lib/crater-agent-workspace/builds/worker-11/target:/opt/rustwide/target:rw,Z" "-v" "/var/lib/crater-agent-workspace/builds/worker-11/source:/opt/rustwide/workdir:ro,Z" "-v" "/var/lib/crater-agent-workspace/cargo-home:/opt/rustwide/cargo-home:ro,Z" "-v" "/var/lib/crater-agent-workspace/rustup-home:/opt/rustwide/rustup-home:ro,Z" "-e" "SOURCE_DIR=/opt/rustwide/workdir" "-e" "CARGO_TARGET_DIR=/opt/rustwide/target" "-e" "CARGO_INCREMENTAL=0" "-e" "RUST_BACKTRACE=full" "-e" "RUSTFLAGS=--cap-lints=forbid" "-e" "CARGO_HOME=/opt/rustwide/cargo-home" "-e" "RUSTUP_HOME=/opt/rustwide/rustup-home" "-w" "/opt/rustwide/workdir" "-m" "1610612736" "--user" "0:0" "--network" "none" "rustops/crates-build-env@sha256:a636fd89d022f18117e1dc8fb37a0a009933cdbbe082814857f0e2024962d47c" "/opt/rustwide/cargo-home/bin/cargo" "+cfbc6d4cf1acbac5c025acf8ed68929caa551df3" "check" "--frozen" "--all" "--all-targets" "--message-format=json", kill_on_drop: false }`
[INFO] [stdout] 687020905af6b0dc6ac60a48d97f6ae6cc8d27d1e6ee69671fe2ff19c2ccce77
[INFO] [stderr] WARNING: Your kernel does not support swap limit capabilities or the cgroup is not mounted. Memory limited without swap.
[INFO] running `Command { std: "docker" "start" "-a" "687020905af6b0dc6ac60a48d97f6ae6cc8d27d1e6ee69671fe2ff19c2ccce77", kill_on_drop: false }`
[INFO] [stderr] warning: dependency (clap_conf) specified without providing a local path, Git repository, or version to use. This will be considered an error in future versions
[INFO] [stderr] warning: dependency (gobble) specified without providing a local path, Git repository, or version to use. This will be considered an error in future versions
[INFO] [stderr]     Checking glob v0.3.0
[INFO] [stderr]    Compiling syn v1.0.39
[INFO] [stderr]     Checking clap v2.33.3
[INFO] [stderr]    Compiling thiserror-impl v1.0.20
[INFO] [stderr]     Checking thiserror v1.0.20
[INFO] [stderr]     Checking gobble v0.6.3
[INFO] [stderr]     Checking clap_conf v0.1.5
[INFO] [stderr]     Checking michuhu v0.1.0 (/opt/rustwide/workdir)
[INFO] [stdout] error[E0107]: wrong number of type arguments: expected 1, found 0
[INFO] [stdout]   --> src/main.rs:72:22
[INFO] [stdout]    |
[INFO] [stdout] 72 | fn build_dict<'a, G: Getter<'a, Out = String>>(cfg: &'a G) -> anyhow::Result<dict::TwoWayMap> {
[INFO] [stdout]    |                      ^^^^^^^^^^^^^^^^^^^^^^^^ expected 1 type argument
[INFO] [stdout] 
[INFO] [stdout] 
[INFO] [stdout] error[E0220]: associated type `Out` not found for `clap_conf::Getter<'a, [type error]>`
[INFO] [stdout]   --> src/main.rs:72:33
[INFO] [stdout]    |
[INFO] [stdout] 72 | fn build_dict<'a, G: Getter<'a, Out = String>>(cfg: &'a G) -> anyhow::Result<dict::TwoWayMap> {
[INFO] [stdout]    |                                 ^^^ associated type `Out` not found
[INFO] [stdout] 
[INFO] [stdout] 
[INFO] [stdout] error: aborting due to 2 previous errors
[INFO] [stdout] 
[INFO] [stdout] 
[INFO] [stdout] Some errors have detailed explanations: E0107, E0220.
[INFO] [stdout] 
[INFO] [stdout] For more information about an error, try `rustc --explain E0107`.
[INFO] [stdout] 
[INFO] [stdout] error[E0107]: wrong number of type arguments: expected 1, found 0
[INFO] [stdout]   --> src/main.rs:72:22
[INFO] [stdout]    |
[INFO] [stdout] 72 | fn build_dict<'a, G: Getter<'a, Out = String>>(cfg: &'a G) -> anyhow::Result<dict::TwoWayMap> {
[INFO] [stdout]    |                      ^^^^^^^^^^^^^^^^^^^^^^^^ expected 1 type argument
[INFO] [stdout] 
[INFO] [stdout] 
[INFO] [stderr] error: could not compile `michuhu`.
[INFO] [stderr] 
[INFO] [stderr] To learn more, run the command again with --verbose.
[INFO] [stderr] warning: build failed, waiting for other jobs to finish...
[INFO] [stdout] error[E0220]: associated type `Out` not found for `clap_conf::Getter<'a, [type error]>`
[INFO] [stdout]   --> src/main.rs:72:33
[INFO] [stdout]    |
[INFO] [stdout] 72 | fn build_dict<'a, G: Getter<'a, Out = String>>(cfg: &'a G) -> anyhow::Result<dict::TwoWayMap> {
[INFO] [stdout]    |                                 ^^^ associated type `Out` not found
[INFO] [stdout] 
[INFO] [stdout] 
[INFO] [stdout] error: aborting due to 2 previous errors
[INFO] [stdout] 
[INFO] [stdout] 
[INFO] [stdout] Some errors have detailed explanations: E0107, E0220.
[INFO] [stdout] 
[INFO] [stdout] For more information about an error, try `rustc --explain E0107`.
[INFO] [stdout] 
[INFO] [stderr] error: build failed
[INFO] running `Command { std: "docker" "inspect" "687020905af6b0dc6ac60a48d97f6ae6cc8d27d1e6ee69671fe2ff19c2ccce77", kill_on_drop: false }`
[INFO] running `Command { std: "docker" "rm" "-f" "687020905af6b0dc6ac60a48d97f6ae6cc8d27d1e6ee69671fe2ff19c2ccce77", kill_on_drop: false }`
[INFO] [stdout] 687020905af6b0dc6ac60a48d97f6ae6cc8d27d1e6ee69671fe2ff19c2ccce77
